{"id":16,"date":"2020-11-28T18:03:36","date_gmt":"2020-11-28T17:03:36","guid":{"rendered":"https:\/\/client.madecontent.io\/?page_id=16"},"modified":"2024-03-22T14:50:28","modified_gmt":"2024-03-22T13:50:28","slug":"accueil","status":"publish","type":"page","link":"https:\/\/pompes-funebres-aubry.com\/accompagner\/","title":{"rendered":"Tous les conseils de la maison Aubry pour pr\u00e9parer des obs\u00e8ques"},"content":{"rendered":"<p><span style=\"font-size: 18pt;\"><a href=\"https:\/\/pompes-funebres-aubry.com\/\">Pompes Fun\u00e8bres Aubry<\/a> est une <strong>entreprise familiale<\/strong> avant tout ! Nous <strong>existons depuis plus de 97 ans<\/strong> et sommes sp\u00e9cialis\u00e9s dans l\u2019organisation de fun\u00e9railles, r\u00e9alis\u00e9es dans le respect des derni\u00e8res volont\u00e9s des d\u00e9funts et des familles. Gr\u00e2ce \u00e0 nos nombreuses ann\u00e9es d\u2019existence nous disposons d\u2019une exp\u00e9rience et d\u2019une expertise consid\u00e9rable. Nous avons comme unique intention d\u2019<strong>accompagner les familles tout au long des fun\u00e9railles<\/strong> telle une \u00e9paule sur laquelle s\u2019appuyer lorsque l\u2019\u00e9motion est trop importante. Nous sommes pleinement conscients que l\u2019organisation d\u2019obs\u00e8ques est une \u00e9tape douloureuse c\u2019est pourquoi nous vous offrons une <strong>\u00e9coute attentive<\/strong> pour r\u00e9aliser les souhaits de l\u2019\u00eatre disparu et lui permettre de partir en toute s\u00e9r\u00e9nit\u00e9. Nous <strong>agirons en toute transparence<\/strong> et <strong>bienveillance<\/strong> pour vous d\u00e9charger des tracas administratifs et organisationnels li\u00e9s aux obs\u00e8ques. D\u00e9couvrez nos prestations adapt\u00e9es et personnalisables selon vos besoins.<\/span><\/p>\n<h2 style=\"text-align: center;\"><span style=\"color: #00575b;\">Nos diff\u00e9rents conseils<\/span><\/h2>\n<div class=\"su-row\">\n<div class=\"su-column su-column-size-1-2\"><div class=\"su-column-inner su-u-clearfix su-u-trim\">\n<div class=\"sue-photo-panel\" data-url=\"\" data-target=\"blank\" style=\"background-color:#ffffff;color:#333333;border-radius:0px;-moz-border-radius:0px;-webkit-border-radius:0px;box-shadow:0 1px 2px #eeeeee;-moz-box-shadow:0 1px 2px #eeeeee;-webkit-box-shadow:0 1px 2px #eeeeee;border:1px solid #cccccc\"><div class=\"sue-photo-panel-head\"><img decoding=\"async\" src=\"https:\/\/pompes-funebres-aubry.com\/accompagner\/wp-content\/uploads\/2022\/05\/enterrement-800x533.jpg\" alt=\"Nos conseils pour vous accompagner lors d'un deuil\" style=\"-webkit-border-top-left-radius:0px;-webkit-border-top-right-radius:0px;-moz-border-radius-topleft:0px;-moz-border-radius-topright:0px;border-top-left-radius:0px;border-top-right-radius:0px;\" \/><\/div><div class=\"sue-photo-panel-content sue-content-wrap\" style=\"text-align:left\">\n<h4 class=\"et_pb_module_header\" style=\"text-align: center;\"><a href=\"https:\/\/pompes-funebres-aubry.com\/accompagner\/deces\/\">Que faire lors d\u2019un d\u00e9c\u00e8s ?<\/a><\/h4>\n<p style=\"text-align: center;\">Retrouvez tous nos conseils pour vous permettre de mieux appr\u00e9hender le deuil et vous aider \u00e0 y faire face.<\/p>\n<\/div><\/div>\n<\/div><\/div>\n<div class=\"su-column su-column-size-1-2\"><div class=\"su-column-inner su-u-clearfix su-u-trim\">\n<div class=\"sue-photo-panel\" data-url=\"\" data-target=\"blank\" style=\"background-color:#ffffff;color:#333333;border-radius:0px;-moz-border-radius:0px;-webkit-border-radius:0px;box-shadow:0 1px 2px #eeeeee;-moz-box-shadow:0 1px 2px #eeeeee;-webkit-box-shadow:0 1px 2px #eeeeee;border:1px solid #cccccc\"><div class=\"sue-photo-panel-head\"><img decoding=\"async\" src=\"https:\/\/pompes-funebres-aubry.com\/accompagner\/wp-content\/uploads\/2022\/05\/fleurs-3-800x533.jpg\" alt=\"Nos conseils pour vous accompagner dans la r\u00e9alisation de vos obs\u00e8ques\" style=\"-webkit-border-top-left-radius:0px;-webkit-border-top-right-radius:0px;-moz-border-radius-topleft:0px;-moz-border-radius-topright:0px;border-top-left-radius:0px;border-top-right-radius:0px;\" \/><\/div><div class=\"sue-photo-panel-content sue-content-wrap\" style=\"text-align:left\">\n<h4 class=\"et_pb_module_header\" style=\"text-align: center;\"><a href=\"https:\/\/pompes-funebres-aubry.com\/accompagner\/prevoir-obseques\/\">Quand pr\u00e9voir ses obs\u00e8ques ?<\/a><\/h4>\n<p style=\"text-align: center;\">Faites le choix de la s\u00e9r\u00e9nit\u00e9 en organisant de votre vivant vos obs\u00e8ques et retrouvez tous nos conseils pour vous aider \u00e0 y parvenir.<\/p>\n<\/div><\/div>\n<\/div><\/div>\n<\/div>\n\n\n","protected":false},"excerpt":{"rendered":"<p>Pompes Fun\u00e8bres Aubry est une entreprise familiale avant tout ! Nous existons depuis plus de 97 ans et sommes sp\u00e9cialis\u00e9s dans l\u2019organisation de fun\u00e9railles, r\u00e9alis\u00e9es dans le respect des derni\u00e8res volont\u00e9s des d\u00e9funts et des familles. Gr\u00e2ce \u00e0 nos nombreuses ann\u00e9es d\u2019existence nous disposons d\u2019une exp\u00e9rience et d\u2019une expertise consid\u00e9rable. Nous avons comme unique intention [&hellip;]<\/p>\n","protected":false},"author":1,"featured_media":0,"parent":0,"menu_order":0,"comment_status":"closed","ping_status":"closed","template":"","meta":{"footnotes":""},"_links":{"self":[{"href":"https:\/\/pompes-funebres-aubry.com\/accompagner\/wp-json\/wp\/v2\/pages\/16"}],"collection":[{"href":"https:\/\/pompes-funebres-aubry.com\/accompagner\/wp-json\/wp\/v2\/pages"}],"about":[{"href":"https:\/\/pompes-funebres-aubry.com\/accompagner\/wp-json\/wp\/v2\/types\/page"}],"author":[{"embeddable":true,"href":"https:\/\/pompes-funebres-aubry.com\/accompagner\/wp-json\/wp\/v2\/users\/1"}],"replies":[{"embeddable":true,"href":"https:\/\/pompes-funebres-aubry.com\/accompagner\/wp-json\/wp\/v2\/comments?post=16"}],"version-history":[{"count":28,"href":"https:\/\/pompes-funebres-aubry.com\/accompagner\/wp-json\/wp\/v2\/pages\/16\/revisions"}],"predecessor-version":[{"id":1466,"href":"https:\/\/pompes-funebres-aubry.com\/accompagner\/wp-json\/wp\/v2\/pages\/16\/revisions\/1466"}],"wp:attachment":[{"href":"https:\/\/pompes-funebres-aubry.com\/accompagner\/wp-json\/wp\/v2\/media?parent=16"}],"curies":[{"name":"wp","href":"https:\/\/api.w.org\/{rel}","templated":true}]}}